9528?
False
Does 7 divide 45066?
True
Is 1695564 a multiple of 39?
True
Is 53 a factor of 911971?
True
Is 4129624 a multiple of 20?
False
Is 690382 a multiple of 60?
False
Is 104935 a multiple of 402?
False
Does 138 divide 54510?
True
Is 5235099 a multiple of 74?
False
Is 10 a factor of 5221562?
False
Is 2448915 a multiple of 83?
True
Is 20391 a multiple of 37?
False
Does 398 divide 2061730?
False
Does 13 divide 2789423?
True
Is 5222061 a multiple of 39?
True
Is 10 a factor of 2220?
True
Is 247230 a multiple of 670?
True
Is 113 a factor of 176732?
True
Is 53 a factor of 2283489?
False
Is 647 a factor of 421235?
False
Is 19 a factor of 6659271?
False
Is 926118 a multiple of 22?
False
Is 7390 a multiple of 2?
True
Is 5 a factor of 676679?
False
Does 4 divide 492608?
True
Does 50 divide 10446450?
True
Is 208 a factor of 118144?
True
Is 490 a factor of 87071?
False
Does 12 divide 27180?
True
Is 146104 a multiple of 28?
True
Is 56 a factor of 1579200?
True
Does 18 divide 988491?
False
Is 6361079 a multiple of 1108?
False
Is 461308 even?
True
Does 40 divide 780840?
True
Is 19 a factor of 33915?
True
Does 1017 divide 373239?
True
Is 129240 a multiple of 72?
True
Does 16 divide 11512?
False
Is 4 a factor of 839914?
False
Is 39637 a multiple of 31?
False
Does 50 divide 2259807?
False
Is 24 a factor of 23688?
True
Does 106 divide 409761?
False
Is 61692 a multiple of 9?
False
Is 151 a factor of 1332424?
True
Is 985329 a multiple of 9?
True
Is 84325 a multiple of 25?
True
Is 1781506 a multiple of 8?
False
Does 93 divide 1580936?
False
Is 137 a factor of 10593215?
False
Is 6 a factor of 39665?
False
Is 8105260 a multiple of 3?
False
Is 14 a factor of 404645?
False
Does 14 divide 305562?
False
Is 123037 a multiple of 61?
True
Is 10219609 a multiple of 50?
False
Is 196686 a multiple of 147?
True
Does 66 divide 1488787?
False
Is 13962596 a multiple of 55?
False
Is 548 a factor of 7658233?
False
Is 104189 a multiple of 260?
False
Does 65 divide 168743?
False
Is 5 a factor of 483805?
True
Is 22089 even?
False
Is 1500 a factor of 1401000?
True
Is 105 a factor of 120855?
True
Is 20 a factor of 457040?
True
Is 47 a factor of 15014690?
False
Is 3546042 a multiple of 3?
True
Is 569 a factor of 3838474?
True
Does 22 divide 19404?
True
Is 438 a factor of 473040?
True
Is 164 a factor of 333248?
True
Does 161 divide 3240352?
False
Is 241875 a multiple of 152?
False
Does 678 divide 46200?
False
Is 8 a factor of 2175483?
False
Does 82 divide 119720?
True
Is 10 a factor of 1115230?
True
Is 312379 a multiple of 18?
False
Is 46 a factor of 388930?
True
Is 91 a factor of 268141?
False
Is 137955 a multiple of 12?
False
Does 300 divide 18492900?
True
Is 880176 a multiple of 16?
True
Does 45 divide 11300?
False
Is 41 a factor of 369916?
False
Is 4466584 a multiple of 216?
False
Is 45615 a multiple of 24?
False
Does 18 divide 5693940?
True
Is 302 a factor of 17318593?
False
Does 20 divide 103960?
True
Is 4004983 a multiple of 28?
False
Does 6 divide 899550?
True
Is 14119698 a multiple of 38?
True
Does 3 divide 2076?
True
Is 11 a factor of 12653?
False
Does 212 divide 3472136?
True
Is 24 a factor of 384?
True
Is 3 a factor of 424811?
False
Is 181886 a multiple of 457?
True
Is 16 a factor of 27776?
True
Does 20 divide 626860?
True
Does 405 divide 255591?
False
Is 21 a factor of 19425?
True
Is 2829912 a multiple of 1464?
True
Is 39910 a multiple of 3?
False
Is 330727 a multiple of 7?
False
Does 18 divide 5248016?
False
Is 10996336 a multiple of 694?
False
Is 17 a factor of 6834697?
True
Is 12 a factor of 1162727?
False
Is 19821325 a multiple of 355?
False
Is 623 a factor of 1124515?
True
Is 194928 a multiple of 393?
True
Does 56 divide 1268488?
False
Does 103 divide 57737?
False
Is 20840 a multiple of 2?
True
Is 34 a factor of 338878?
True
Does 79 divide 18881?
True
Is 1493558 a multiple of 22?
True
Does 371 divide 641830?
True
Is 614376 a multiple of 483?
True
Is 45 a factor of 52650?
True
Is 350 a factor of 134050?
True
Does 5 divide 142019?
False
Is 138 a factor of 74934?
True
Does 30 divide 10809450?
True
Is 43654 a multiple of 16?
False
Does 19 divide 53661?
False
Does 18 divide 3343858?
False
Is 49693 a multiple of 7?
True
Does 583 divide 367723?
False
Is 35 a factor of 296266?
False
Is 455 a factor of 1615435?
False
Is 172 a factor of 3743057?
False
Does 62 divide 876680?
True
Does 222 divide 428058?
False
Is 20 a factor of 177235?
False
Does 242 divide 16091429?
False
Does 27 divide 12394485?
True
Does 46 divide 4372898?
True
Is 130962 a multiple of 23?
True
Is 137 a factor of 118663?
False
Does 236 divide 280840?
True
Does 765 divide 8534340?
True
Does 11 divide 440759?
True
Is 32 a factor of 2461824?
True
Does 135 divide 5887753?
False
Is 84 a factor of 2708216?
False
Does 116 divide 498176?
False
Does 96 divide 2532907?
False
Is 22 a factor of 40678?
True
Does 22 divide 455140?
False
Is 883348 a multiple of 10?
False
Is 179 a factor of 83641?
False
Is 25595 a multiple of 52?
False
Does 6 divide 69864?
True
Does 444 divide 319214?
False
Is 60 a factor of 2021444?
False
Is 903448 a multiple of 68?
True
Is 9 a factor of 32697?
True
Is 195158 a multiple of 271?
False
Is 46526 a multiple of 86?
True
Does 792 divide 960696?
True
Does 315 divide 148365?
True
Is 17555455 a multiple of 30?
False
Is 15 a factor of 10334655?
True
Does 141 divide 497166?
True
Does 67 divide 14399?
False
Is 40 a factor of 1670320?
True
Is 29 a factor of 1182241?
False
Does 27 divide 594346?
False
Is 464 a factor of 3540404?
False
Is 319863 a multiple of 69?
False
Is 6 a factor of 6294?
True
Does 6 divide 80862?
True
Does 190 divide 2960650?
False
Is 188786 a multiple of 372?
False
Does 95 divide 5133420?
True
Is 451035 a multiple of 65?
True
Is 244111 a multiple of 295?
False
Does 955 divide 8596910?
True
Is 20 a factor of 380100?
True
Is 133600 a multiple of 400?
True
Is 132 a factor of 53809?
False
Is 2 a factor of 45350?
True
Is 94871 a multiple of 7?
True
Is 396872 a multiple of 37?
False
Is 11 a factor of 1487280?
False
Is 82770 a multiple of 6?
True
Does 66 divide 87644?
False
Does 345 divide 653661?
False
Is 449760 a multiple of 48?
True
Is 7502032 a multiple of 20?
False
Is 859305 a multiple of 4?
False
Is 9578001 a multiple of 177?
True
Is 23 a factor of 814085?
True
Is 2499938 a multiple of 25?
False
Is 567 a factor of 1092609?
True
Is 33 a factor of 401501?
False
Is 9186327 a multiple of 84?
False
Is 16834 a multiple of 130?
False
Does 7 divide 376297?
False
Is 19 a factor of 535745?
False
Is 6 a factor of 499?
False
Does 8 divide 719144?
True
Is 364 a factor of 16148575?
False
Is 124237 a multiple of 161?
False
Is 42 a factor of 120144?
False
Does 40 divide 75812?
False
Is 13 a factor of 4253046?
False
Does 1080 divide 10618805?
False
Does 130 divide 5471440?
True
Is 87 a factor of 199782?
False
Is 128232 a multiple of 27?
False
Is 70730 a multiple of 10?
True
Does 14 divide 15579348?
False
Does 1531 divide 1539382?
False
Is 1614898 a multiple of 108?
False
Does 384 divide 531875?
False
Is 42 a factor of 4599798?
True
Is 475876 a multiple of 878?
True
Is 4265871 a multiple of 29?
True
Is 18 a factor of 292532?
False
Does 4 divide 391612?
True
Does 16 divide 2303739?
False
Is 24 a factor of 243552?
True
Is 130 a factor of 5382130?
True
Does 3 divide 61363?
False
Is 80 a factor of 10395284?
False
Does 15 divide 7654050?
True
Is 3 a factor of 806511?
True
Is 35 a factor of 169015?
True
Is 112746 a multiple of 69?
True
Does 38 divide 443612?
True
Does 4 divide 629760?
True
Is 15 a factor of 17613396?
False
Does 5 divide 935138?
False
Is 266560 a multiple of 490?
True
Is 2 a factor of 986688?
True
Is 23 a factor of 84111?
True
Is 338441 a multiple of 48?
False
Does 142 divide 129143?
False
Is 9215758 a multiple of 16?
False
Does 73 divide 2964826?
False
Is 2361379 a multiple of 153?
False
Is 18 a factor of 26478?
True
Is 178367 a multiple of 375?
False
Does 98 divide 91924?
True
Is 7 a factor of 1003119?
False
Is 179 a factor of 835572?
True
Does 20 divide 304400?
True
Is 365 a factor of 490925?
True
Does 145 divide 8197758?
False
Does 4 divide 1353821?
False
Is 573868 a multiple of 29?
False
Is 734789 a multiple of 67?
True
Is 1775324 a multiple of 7?
False
Is 19 a factor of 2673129?
True